ors of 8/10 - (-186)/u.
7
Suppose 2*t = -z + 110, 5*z = t - 4*t + 578. List the prime factors of z.
2, 59
Let k = -1 + 16. Let q be (-15)/25 + 915/25. Let c = q - k. List the prime factors of c.
3, 7
Let o be (16 + -1)/((-2)/2). Let w = o + 21. List the prime factors of w.
2, 3
Let c = 72 - 51. What are the prime factors of c?
3, 7
Suppose -o + 36 = -0*v - 5*v, 0 = -2*v + 2*o - 16. Let r be 1 - (v*13 - -2). Suppose 5*t = r - 25. List the prime factors of t.
13
Suppose x - 38 = -k + 2*x, k - 3*x = 30. What are the prime factors of k?
2, 3, 7
Let o(w) = 7*w**2 + w - 2. List the prime factors of o(2).
2, 7
List the prime factors of (4 - 0)*(-9)/(-12).
3
Suppose 0 = -p + 1 + 2. Let x = 7 - p. Suppose -5*c - 46 = -2*s, -x*s + 5*c + 28 = -3*s. List the prime factors of s.
2, 3
Let p = -9 + 12. Let s be 0 - p - (-24)/(-8). Let r = s + 21. What are the prime factors of r?
3, 5
Let m(k) = -2 - 1 + 0 + 3*k + 1. Let y(w) = w**2 - 2*w - 5. Let r be y(4). List the prime factors of m(r).
7
Let i(t) = 2*t**2 + 11*t + 9. Let p be i(-7). Let n = p + -28. What are the prime factors of n?
2
Let v(z) = -z + 1. Let k(m) = 6*m - 6. Let i(h) = -2*k(h) - 11*v(h). Let a be i(1). Suppose 3*p - 11 - 10 = a. What are the prime factors of p?
7
Let x(h) be the second derivative of -h**3/2 + 7*h**2/2 - 3*h. Let l be x(5). Let f(r) = -r - 1. List the prime factors of f(l).
7
Suppose 1 = w, -n - w = 2*w - 122. What are the prime factors of n?
7, 17
Suppose -4*r + 73 = y, 2*y + 101 = 4*r + r. What are the prime factors of r?
19
Let h(x) be the first derivative of x**4/4 - x**2/2 + 22*x - 1. Let k = 13 + -13. What are the prime factors of h(k)?
2, 11
Let n = 1 - -55. What are the prime factors of n?
2, 7
Suppose 4*u + 130 = 5*o - 0*u, 4*u - 20 = 0. List the prime factors of o.
2, 3, 5
Let x be (8/5)/((-2)/(-10)). What are the prime factors of (x/5)/((-1)/(-5))?
2
Let x = 93 - 51. What are the prime factors of x?
2, 3, 7
Let d = -25 - -14. Let w(n) = -n**2 - 11*n + 12. List the prime factors of w(d).
2, 3
Suppose 5*i - 2*a = 368, 0*i - 5*a = -5*i + 365. List the prime factors of i.
2, 37
Let j be 30/(-25)*5/(-2). Suppose j*g + 5*m - 40 = 0, 5*g + 0*g + m - 30 = 0. Suppose 3 + g = 2*w. What are the prime factors of w?
2
Let d be 3 + 0/(-5 + 3). Suppose d*s - q - 44 = -0*s, -3*q + 3 = 0. What are the prime factors of s?
3, 5
Let k be -5*((-11)/5 - -1). Let h(p) = 45*p. Let t(g) = -5*g. Let y(w) = k*h(w) + 55*t(w). List the prime factors of y(-1).
5
Let x be (-1)/8 + (-2499)/(-24). Suppose 5*s - x = s. List the prime factors of s.
2, 13
Suppose -h - 2*h = -30. Suppose -d - h = -6*d. What are the prime factors of d?
2
Suppose 3*m + 2*g + 44 = 197, -g = 3*m - 153. Suppose k + 115 = 4*q + 34, m = 4*q + 5*k. What are the prime factors of q?
19
Let t(o) = o + 10. Let s be t(-8). List the prime factors of (-11)/(-4) + s/8.
3
Suppose -93 = -4*g + 547. What are the prime factors of g?
2, 5
Let y(a) = -28*a - 35. What are the prime factors of y(-7)?
7, 23
Suppose 137 = 2*m - 67. List the prime factors of m.
2, 3, 17
Let p(k) = -2*k**3 - k**2 - 4*k + 5. List the prime factors of p(-4).
7, 19
Suppose -151 = -2*j - 0*b - 3*b, j = b + 83. List the prime factors of j.
2, 5
Let t = 18 + -8. Let d(j) = 2*j + 12. What are the prime factors of d(t)?
2
Suppose -103 = 5*r - v, -5*r - v = 52 + 55. Let a = 28 - r. List the prime factors of a.
7
Let z = 40 + -5. What are the prime factors of z?
5, 7
Let z(k) = -4*k. Let c be z(-1). Let l be (-6)/5*(-10)/c. Suppose -l*t + 17 = -4. What are the prime factors of t?
7
Let g = 12 - 7. Suppose -g*i + 3*v - 48 = -0*v, 2*v + 8 = 0. List the prime factors of i*(2/(-4))/1.
2, 3
Suppose -t - 4*m = -11, 2*t + 44 = 6*t - 3*m. Let f = -28 - t. Let o = f + 55. List the prime factors of o.
2
Let z = 28 - -12. What are the prime factors of z?
2, 5
Let l(i) = -73*i**3 - 2*i**2 + 1. Let u be l(-1). Suppose 4*a + u = 8*a. What are the prime factors of a?
2, 3
What are the prime factors of (-508)/8*-1 + 2/(-4)?
3, 7
Suppose k - 5*d - 10 = 0, 0*d - d = 5*k - 24. Suppose k*u = -3*y + 18 + 24, -56 = -4*y + 4*u. List the prime factors of y.
2, 7
Suppose w - 83 = -4*r, 0 = -r + 2*w + 21 + 11. List the prime factors of r.
2, 11
Suppose -101 = -5*v + 109. List the prime factors of v.
2, 3, 7
Suppose -5*f + 5 = -2*f - 2*p, 0 = -5*f - 3*p + 2. Let r = f + 2. Let w = r - -7. What are the prime factors of w?
2, 5
What are the prime factors of (234/(-24))/(1/(-4))?
3, 13
Let h = -9 - -5. Let p = -1 - h. Suppose 0 = 5*w - p*w + 4*f + 16, 3*f = 4*w - 23. List the prime factors of w.
2
Let m be 3/((-3)/((-9)/(-1))). List the prime factors of ((-64)/12)/(3/m).
2
Suppose -60 = -2*z - 3*k + 5*k, z = -4*k + 35. Suppose -3*s + z - 79 = 0. Let v = s + 23. What are the prime factors of v?
7
Let n = 22 - -56. What are the prime factors of n?
2, 3, 13
Suppose 653 = -2*b + 5*b + 4*s, -b - 4*s + 215 = 0. List the prime factors of b.
3, 73
Suppose 2*y + 2*y + 5*u = 28, -3*y = -4*u + 10. Let x(j) = -3 + 3 - 4 + 6*j**y - j**3 - 4*j. What are the prime factors of x(4)?
2, 3
Let t(k) = k + 34. List the prime factors of t(-26).
2
Let m = -5 + 7. Let y = 10 - 9. List the prime factors of (y - m)*(-3 + -8).
11
List the prime factors of (-8)/(42/(-40) - -1).
2, 5
Let k(v) = -51*v**3 - 1. List the prime factors of k(-1).
2, 5
Suppose -3*m + 144 = l - 317, 608 = 4*m - 2*l. List the prime factors of m.
3, 17
Let z be 3/18*-2*-12. Suppose -3*j + 13 = z*p, p - 3*p = 4. What are the prime factors of j?
7
Let a = 156 - 56. Suppose 0 = 8*g - 3*g - a. List the prime factors of g.
2, 5
Let c be 3 + -2 + 2 + -1. Suppose 0 = 4*w - c*g - 38, -w - g + 14 = -3. Suppose 5*i - 2*i - w = 0. What are the prime factors of i?
2
Let r be (22 + 1)/((-1)/(-2)). What are the prime factors of r/14 + 6/(-21)?
3
Suppose -9 - 9 = -3*a. What are the prime factors of a?
2, 3
Suppose 4*b - 10 = 226. What are the prime factors of b?
59
List the prime factors of ((-516)/16)/((-3)/96*6).
2, 43
Let l be (-2)/(-3) + (-654)/(-18). Suppose 2*w + n = -w + 38, 2*n - l = -3*w. What are the prime factors of w?
13
What are the prime factors of (-3)/((-18)/4) - 313/(-3)?
3, 5, 7
List the prime factors of (-1 + 190)*(144/21 + -6).
2, 3
Let q(t) = 4*t**2 - 16*t + 54. List the prime factors of q(6).
2, 3, 17
Let m = 0 - -20. List the prime factors of (-2 - -1)/((-2)/m).
2, 5
Suppose n = 2*n + 393. List the prime factors of (-6)/(-21) - n/21.
19
Suppose 0 = 5*f - 853 - 1067. List the prime factors of f.
2, 3
Suppose 0 = 4*d + 5*o - 0*o - 361, o + 79 = d. What are the prime factors of d?
2, 3, 7
Let q = 123 + -68. What are the prime factors of q?
5, 11
Suppose 99 = 6*o - 3*o. List the prime factors of o.
3, 11
Let s = 14 + -5. Suppose 5*b = 3*b + 4*f - 14, -2*b - f = s. List the prime factors of 1/(((-5)/4)/b).
2
Let w(d) = d**2 - 6*d. Let f be w(6). Suppose -x - o + 6*o + 43 = f, o - 64 = -2*x. What are the prime factors of x?
3, 11
Suppose 2*m = 2*v - 4*v + 4, 2 = -2*v. Suppose -m*y + 45 + 0 = 0. List the prime factors of y.
3, 5
Let v = -350 + 549. What are the prime factors of v?
199
Let x(o) = 3*o + 17. Let f be x(8). Suppose 0*u = u - f. What are the prime factors of u?
41
Let j(r) = -5*r + 3*r**3 + 2*r - 3*r**2 - 2*r**3. What are the prime factors of j(4)?
2
Let m(b) be the second derivative of -b**3/6 + 6*b**2 + b. Let r(n) = n**2 + 6*n - 18. Let f be r(3). What are the prime factors of m(f)?
3
Suppose 0*b + b = 90. What are the prime factors of 20/b - 734/(-18)?
41
Let p = -1 + 4. Suppose 3*l - p*k + 2 = 14, 3*l = -3*k. Suppose -l = -i - 0*i. List the prime factors of i.
2
Suppose 4*a - 15 = 2*k + 3, -2*a - 16 = 4*k. Let c be 5/k + (-27)/(-1). Suppose 5*m - c = -6. List the prime factors of m.
2
Let x(v) = -2*v - 21. List the prime factors of x(-20).
19
Let n be (-1)/2*(-2 + 16). Let m(h) = -h - 2. Let b be m(n). Suppose 20 = 5*d - b. List the prime factors of d.
5
Let f(z) = 3*z. List the prime factors of f(7).
3, 7
Let n = -29 - -43. List the prime factors of n.
2, 7
Suppose 3*u = 0, -p = -5*p - u - 32. Let l = 10 - p. What are the prime factors of ((-4)/3)/((-3)/l)?
2
Let y be (-255)/(-5) - (-1 + -2). Suppose 3*j + 2 = 14, 2*f - y = -3*j. List the prime factors of f.
3, 7
Let o be 0/(-2*(-2)/(-4)). Let k = 3 + o. Suppose -k*p = 8 - 32. What 